when o(0) is divided by 9.
7
Let f = 0 - -3. Let s = f + -1. Let m = 92 - 90. Calculate the remainder when m is divided by s.
0
Let b(r) = r**3 - r**2 - r + 4. Let j be b(0). Suppose 2*i - 90 = j*h, -3*h - 192 = -4*i - h. What is the remainder when i is divided by 1 - -16 - 0/(-2)?
15
Let f = -10 - -16. Suppose 0 = 2*h - 6 - f. Let y(x) = -x**3 - 12*x**2 - 12*x - 7. What is the remainder when h is divided by y(-11)?
2
Suppose 0 = 3*k + 4*a - 143, 2*k + k = -a + 155. Let j be ((-4)/3)/((-7)/21). Suppose 0 = z - j - 14. What is the remainder when k is divided by z?
17
Let b = 23 + 0. Calculate the remainder when 66 is divided by b.
20
Calculate the remainder when (93/6)/((-5)/(-10)) is divided by 16.
15
Let w(y) = y**2 - 7*y + 10. What is the remainder when 109 is divided by w(7)?
9
Let c = 1 + 1. What is the remainder when 40 is divided by ((-196)/(-21))/(c/3)?
12
Suppose -4*k + 16*k = 84. What is the remainder when 19 is divided by k?
5
What is the remainder when 20 is divided by 1/(-2) + 150/20?
6
Let s = 43 + -29. Calculate the remainder when s is divided by 6.
2
Let h = -10 + 15. Let k(g) = -4*g - 6. Calculate the remainder when k(-5) is divided by h.
4
Suppose 9*o - 51 = 21. What is the remainder when 17 is divided by o?
1
Suppose -6*g + 12 = -5*g. Let r = g - 6. Let a = 12 - 8. Calculate the remainder when r is divided by a.
2
Let n(i) = -i**2 + i - 3. Let b be n(0). Suppose -11 = -5*h + 49. Calculate the remainder when h is divided by (-1)/b + 40/6.
5
Let c = 46 + -24. What is the remainder when 85 is divided by c?
19
Let a(w) = -w**2 - 7*w + 3. Let y be a(-8). Let g = y - -23. Let d(b) = b**3 + 8*b**2 + b - 13. Calculate the remainder when d(-6) is divided by g.
17
Suppose 5*h - 5 = i - 14, 5*i - 25 = 5*h. What is the remainder when 21 is divided by i?
1
Suppose -3*b = 2*z - 8, 2*z = -2*b + 4 + 2. Suppose p + 2 + b = 0, 0 = -3*o - 3*p + 126. Calculate the remainder when o is divided by 12.
10
Let d = -38 - -53. Calculate the remainder when ((-100)/(-16) - -1)*(-12)/(-3) is divided by d.
14
Calculate the remainder when (-2 + (-156)/8)*-2 is divided by 11.
10
Suppose 2*u + 2*q = 14 + 92, -u = -2*q - 50. Suppose -4*d + 3*o + 43 = 2*o, 0 = -3*d - 3*o + 36. What is the remainder when u is divided by d?
8
Let w(s) = -3*s - 8. Let d = 6 + -18. Let g = 30 + d. Calculate the remainder when g is divided by w(-6).
8
What is the remainder when 5 is divided by (-1)/10 - (-21)/10?
1
Let q be 594/30 - 2/(-10). Suppose -q = -4*h - 8. Suppose -5*z - 4 = -2*l, -z = -h*l - 0*l + 6. What is the remainder when 4 is divided by l?
0
What is the remainder when 23 is divided by ((-6)/(-3) - -15) + -4?
10
Suppose 2*c - c = 4. Suppose 0 = -5*y - u + 20, 6*u = -c*y + u - 5. What is the remainder when 18 is divided by y?
3
Calculate the remainder when 55 is divided by ((-1)/1)/((-35)/245).
6
Suppose -3 = -u - 3*l, 0*u - l - 6 = -2*u. Let z(n) = 4*n + 5. What is the remainder when 66 is divided by z(u)?
15
Let n be (-11)/(-2) + 4/(-8). Let p(o) = o**2 + o + 4. Let r be p(n). What is the remainder when 49 is divided by r*(-1 - (-6)/4)?
15
Let r = 53 + -35. What is the remainder when 2/(2*(-2)/(-106)) is divided by r?
17
Let o(c) be the first derivative of -c**4/4 - 13*c**3/3 - 13*c**2/2 + 9*c + 10. Calculate the remainder when o(-12) is divided by 11.
10
Let v(n) = n**2 + 4*n. Suppose -c - 1 = -2. What is the remainder when (69/(-6))/(c/(-2)) is divided by v(-6)?
11
Let t(r) = -r + 12. What is the remainder when 41 is divided by t(5)?
6
Suppose -n + 2*r + 17 = -0*n, 3*n = 4*r + 45. Let c = 77 + -47. Let f = -9 + c. What is the remainder when f is divided by n?
10
Suppose 3*j + 25 = 4*b, 9 = -5*b + 4*j + 39. What is the remainder when 49 is divided by b?
9
Suppose 2*y = 5*f - 0*f - 33, 2*y = f - 5. Suppose 3 - 6 = x. Let g = 1 - x. Calculate the remainder when f is divided by g.
3
Let f(g) be the second derivative of 4*g**3/3 - 2*g**2 - 3*g. Calculate the remainder when f(6) is divided by 15.
14
Let c(m) = 3*m + 4. Suppose 7*d - v = 2*d + 177, -60 = -2*d + 4*v. What is the remainder when d is divided by c(5)?
17
Let n(a) = -7*a + 1. Let i be 12/(-18) - 1/3. What is the remainder when 15 is divided by n(i)?
7
Let v be 183/21 - 2/(-7). Let z = 17 - v. Let a = z - 2. Calculate the remainder when 17 is divided by a.
5
Let n(b) = b**3 - 8*b**2 + 8*b + 9. Let f be n(7). Let r = 48 - f. Suppose -11 = -3*m + 2*m. Calculate the remainder when r is divided by m.
10
Let j = -280 + 394. Calculate the remainder when j is divided by 39.
36
Let r(w) = 9*w**2 + 4*w + 2. Let m be r(-4). Let h be m/8 + 6/(-24). What is the remainder when 23 is divided by h/(-3)*(-12)/8?
7
Let s be 49 + 1 + 2 + -1. Let l = s + -31. Suppose -f = p + 2*f - 8, -5*f + 6 = p. What is the remainder when l is divided by p?
9
Let r = 29 + 0. What is the remainder when r is divided by 10?
9
Let j = 85 - 61. What is the remainder when 95 is divided by j?
23
Suppose -7*l + 113 = -6*l. Let z be l/(-4) + (-1)/(-4). Let f = z + 41. Calculate the remainder when 25 is divided by f.
12
Suppose 5*p = 4*w - 265, -4*p = -2 + 6. What is the remainder when w is divided by ((-6)/(-4))/((-105)/(-1540))?
21
Suppose 5*s = 3*o, -4*o = -5*s + 3*s - 14. Suppose k - s - 4 = 0. Calculate the remainder when 12 is divided by k.
5
Suppose -l - 2*l + 36 = -3*b, 0 = -2*l - 2*b + 32. Suppose l = 8*q - 6*q. What is the remainder when 12 is divided by q?
5
Suppose 24 = -0*u + 4*u. Let z = 15 + -6. What is the remainder when z is divided by u?
3
Let c = 32 - 23. Let g be (-99)/(-4) + (-2)/(-8). Let s = g + -8. What is the remainder when s is divided by c?
8
Suppose -2*z + 0 + 36 = 3*b, 4*z + b - 72 = 0. What is the remainder when z is divided by 10?
8
Let h(r) = -r**3 - r**2 + 11. Let c = 53 + -25. Let u = c + 13. What is the remainder when u is divided by h(0)?
8
Suppose -220 = -5*s + 5*q, 3*s = s - q + 79. What is the remainder when s is divided by 16?
9
Let o(y) = 4*y - 6. Let a be o(6). Suppose g - 80 = -5*k - 0*g, 4*k = 3*g + 83. Calculate the remainder when k is divided by (-4)/a - 166/(-18).
8
Let n be (7/(-4))/(2/(-8)). Suppose 2*b + 26 = 2*l, -25 = -5*l - 2*b - b. Suppose l = -4*g + 4*o, -o = g - n + 1. What is the remainder when 2 is divided by g?
0
Calculate the remainder when 35 is divided by (48/6 - 4)*14/4.
7
Suppose p + 3*k + 2 - 1 = 0, 5*p - k = 27. Suppose -22 = -5*s + 3*n + 44, 2*s - 34 = p*n. Suppose 3*z + z - s = 0. What is the remainder when 5 is divided by z?
2
Let t(q) = -4*q**2 - 3*q - 1 + q**3 - 2 + 3. What is the remainder when t(5) is divided by 6?
4
Suppose 263 = 4*q + 47. Let j = -32 + q. What is the remainder when 64 is divided by j?
20
Suppose i - 4*l = 4, -2*i + 4*l + 5 + 3 = 0. Suppose 0 = v + i*v - 130. Suppose r - v = -11. What is the remainder when 43 is divided by r?
13
Let n(q) = q**2 + 6*q + 7. What is the remainder when 4 - 6 - (-1 - 27) is divided by n(-7)?
12
Let d be (1 - 56) + (-8 - -5). Let v = 85 + d. What is the remainder when v is divided by 10?
7
Suppose 2*n - 4 = 6. Let v = 6 - n. Calculate the remainder when v is divided by 1.
0
Suppose -3*t + 3 = 9. Let u be t/(-3) + (-56)/(-6). Let f = u + -1. What is the remainder when 24 is divided by f?
6
Suppose 0 = -5*t - 59 + 174. Let c(i) = 4*i + 4. Let j be c(4). Let b = j + -12. Calculate the remainder when t is divided by b.
7
Suppose -4*y - 146 = 3*a - 5*a, 4*y = -a - 149. Let z = y - -56. Calculate the remainder when 36 is divided by z.
17
Suppose -d = -3*d + 130. Let k = 306 + -198. Let a = k - d. What is the remainder when a is divided by 15?
13
Let p = -16 - -10. Let a(c) = -c**3 + 0*c + 2*c**2 - 9*c - 8*c**2 - 5. What is the remainder when a(p) is divided by 17?
15
Let d(z) = -z**2 - 12*z + 7. Let m = 6 + -12. Suppose 16 + 14 = 2*g. Calculate the remainder when d(m) is divided by g.
13
Let a(i) = 3*i**3 - 7*i**2 + 3*i - 1. Calculate the remainder when 74 is divided by a(3).
22
Suppose -4*z + 3*a = a - 286, -5*z + 5*a = -355. Calculate the remainder when z is divided by 15.
12
Let m(c) = -c + 26. Let w be (-1 - -1)/(2/(-1)). Calculate the remainder when m(w) is divided by (-67)/(-5) - 6/(-10).
12
Suppose -x = -5*q + 14, 5*q - 28 = q + 5*x. Suppose r - 10 = -q. What is the remainder when (-2)/(-8) - (-22)/r is divided by 2?
1
What is the 